{"id":193,"date":"2017-08-16T08:50:13","date_gmt":"2017-08-16T08:50:13","guid":{"rendered":"http:\/\/vietnamkynghe.com\/?page_id=193"},"modified":"2023-10-23T12:02:52","modified_gmt":"2023-10-23T05:02:52","slug":"about","status":"publish","type":"page","link":"https:\/\/vietnamkynghe.com\/?page_id=193","title":{"rendered":"About"},"content":{"rendered":"<p>V\u1ec1 Ch\u00fang T\u00f4i<\/p>\n<h1>ch\u0103m lo cho chi\u1ebfc xe b\u1eb1ng c\u1ea3 t\u1ea5m l\u00f2ng.<\/h1>\n<p>Tay ngh\u1ec1 l\u00e0 ch\u01b0a \u0111\u1ee7! Ngo\u00e0i nh\u1eefng r\u00e8n luy\u1ec7n g\u1eaft gao Ch\u00fang T\u00f4i c\u00f2n ch\u0103m s\u00f3c cho xe c\u1ee7a B\u1ea1n b\u1eb1ng c\u1ea3 T\u1ea5m L\u00f2ng m\u00ecnh \u0111\u1ec3 \u0111\u01b0\u1ee3c th\u1ea5y s\u1ef1 h\u00e0i l\u00f2ng c\u1ee7a c\u00e1c B\u1ea1n.<\/p>\n<h5>\u0110\u1eb7t h\u1eb9n<\/h5>\n<p>\u0110\u01b0\u1ee3c ph\u1ee5c v\u1ee5 c\u00e1c B\u1ea1n l\u00e0 ni\u1ec1m vinh h\u1ea1nh cho Ch\u00fang T\u00f4i.<\/p>\n<p><a role=\"button\" href=\"#\"><br \/>\n\u0111\u1eb7t h\u1eb9n ngay<br \/>\n<\/a><\/p>\n<h5>Gi\u1edd L\u00e0m Vi\u1ec7c<\/h5>\n<ul>\n<li>Th\u1ee9 2 &#8211; Th\u1ee9 7 : 07:30 \u2013 18:00<\/li>\n<li>Th\u1ee9 7 : 07:30 \u2013 18:00<\/li>\n<li>Ch\u1ee7 Nh\u1eadt : 07:30 &#8211; 18:00<\/li>\n<\/ul>\n<h5>S\u1ed1 \u0111i\u1ec7n Tho\u1ea1i li\u00ean l\u1ea1c<\/h5>\n<p>+84 909 186 991<\/p>\n<p><a role=\"button\" href=\"tel:+84909186991\"><br \/>\nG\u1ecdi ngay<br \/>\n<\/a><\/p>\n<h2>Why Choose Us<\/h2>\n<p>Because of the truth and reliability. We are telling everything truthfully and do our best.<\/p>\n<h5>Nh\u00e2n Vi\u00ean T\u1eadn T\u00ecnh<\/h5>\n<p>Kh\u00f4ng Ng\u1ea1i kh\u00f3 v\u1edbi mong mu\u1ed1n l\u00e0m m\u1ecdi vi\u1ec7c th\u1eadt t\u1ed1t.<\/p>\n<h5>\u0110\u01b0\u1ee3c R\u00e8n Luy\u1ec7n<\/h5>\n<p>\u0110\u1ec3 \u0111\u01b0\u1ee3c ph\u1ee5c v\u1ee5 B\u1ea1n, Ch\u00fang t\u00f4i ph\u1ea3i r\u00e8n luy\u1ec7t r\u1ea5t nhi\u1ec1u.<\/p>\n<h5>Gi\u00e1 C\u1ea3 ph\u1ea3i ch\u0103ng.<\/h5>\n<p>Ch\u00fang T\u00f4i cung c\u1ea5p d\u1ecbch v\u1ee5 v\u1edbi chi ph\u00ed d\u1ecbch v\u1ee5 ph\u00f9 h\u1ee3p v\u1edbi m\u1ecdi ng\u01b0\u1eddi.<\/p>\n<h5>\u0110\u1ea3m B\u1ea3o Ch\u1ea5t L\u01b0\u1ee3ng<\/h5>\n<p>Khi cung c\u1ea5p d\u1ecbch v\u1ee5. Ch\u00fang t\u00f4i lu\u00f4n n\u00f3i th\u1eadt, kh\u00f4ng n\u00f3i qu\u00e1.<\/p>\n<h5>H\u00e0i L\u00f2ng<\/h5>\n<p>Ch\u00fang t\u00f4i ph\u1ee5c v\u1ee5 b\u1eb1ng c\u1ea3 tr\u00e1i tim.<\/p>\n<h5>Ch\u1ea5t l\u01b0\u1ee3ng d\u1ecbch v\u1ee5 cao<\/h5>\n<p>Ch\u00fang t\u00f4i s\u1eed d\u1ee5ng m\u00e1y m\u00f3c v\u00e0 nguy\u00ean li\u1ec7u t\u1eeb t\u1ea5t c\u1ea3 c\u00e1c th\u01b0\u01a1ng hi\u1ec7u n\u1ed5i ti\u1ebfng th\u1ebf gi\u1edbi.<\/p>\n<h6>Li\u00ean H\u1ec7.<\/h6>\n<h2>+84 909 186 991<\/h2>\n<h6>\u0110\u1ec3 \u0111\u01b0\u1ee3c ph\u1ee5c v\u1ee5 t\u1ed1t nh\u1ea5t.<\/h6>\n<p><a role=\"button\" href=\"#\"><br \/>\n\u0111\u1eb7t h\u1eb9n<br \/>\n<\/a><\/p>\n","protected":false},"excerpt":{"rendered":"<p>V\u1ec1 Ch\u00fang T\u00f4i ch\u0103m lo cho chi\u1ebfc xe b\u1eb1ng c\u1ea3 t\u1ea5m l\u00f2ng. Tay ngh\u1ec1 l\u00e0 ch\u01b0a \u0111\u1ee7! Ngo\u00e0i nh\u1eefng r\u00e8n luy\u1ec7n g\u1eaft gao Ch\u00fang T\u00f4i c\u00f2n ch\u0103m s\u00f3c cho xe c\u1ee7a B\u1ea1n b\u1eb1ng c\u1ea3 T\u1ea5m L\u00f2ng m\u00ecnh \u0111\u1ec3 \u0111\u01b0\u1ee3c th\u1ea5y s\u1ef1 h\u00e0i l\u00f2ng c\u1ee7a c\u00e1c B\u1ea1n. \u0110\u1eb7t h\u1eb9n \u0110\u01b0\u1ee3c ph\u1ee5c v\u1ee5 c\u00e1c B\u1ea1n l\u00e0 ni\u1ec1m [&hellip;]<\/p>\n","protected":false},"author":1,"featured_media":0,"parent":0,"menu_order":0,"comment_status":"closed","ping_status":"closed","template":"","meta":{"site-sidebar-layout":"no-sidebar","site-content-layout":"page-builder","ast-site-content-layout":"default","site-content-style":"default","site-sidebar-style":"default","ast-global-header-display":"","ast-banner-title-visibility":"","ast-main-header-display":"","ast-hfb-above-header-display":"","ast-hfb-below-header-display":"","ast-hfb-mobile-header-display":"","site-post-title":"disabled","ast-breadcrumbs-content":"","ast-featured-img":"disabled","footer-sml-layout":"","ast-disable-related-posts":"","theme-transparent-header-meta":"enabled","adv-header-id-meta":"","stick-header-meta":"","header-above-stick-meta":"","header-main-stick-meta":"","header-below-stick-meta":"","astra-migrate-meta-layouts":"default","ast-page-background-enabled":"default","ast-page-background-meta":{"desktop":{"background-color":"var(--ast-global-color-4)","background-image":"","background-repeat":"repeat","background-position":"center center","background-size":"auto","background-attachment":"scroll","background-type":"","background-media":"","overlay-type":"","overlay-color":"","overlay-opacity":"","overlay-gradient":""},"tablet":{"background-color":"","background-image":"","background-repeat":"repeat","background-position":"center center","background-size":"auto","background-attachment":"scroll","background-type":"","background-media":"","overlay-type":"","overlay-color":"","overlay-opacity":"","overlay-gradient":""},"mobile":{"background-color":"","background-image":"","background-repeat":"repeat","background-position":"center center","background-size":"auto","background-attachment":"scroll","background-type":"","background-media":"","overlay-type":"","overlay-color":"","overlay-opacity":"","overlay-gradient":""}},"ast-content-background-meta":{"desktop":{"background-color":"var(--ast-global-color-5)","background-image":"","background-repeat":"repeat","background-position":"center center","background-size":"auto","background-attachment":"scroll","background-type":"","background-media":"","overlay-type":"","overlay-color":"","overlay-opacity":"","overlay-gradient":""},"tablet":{"background-color":"var(--ast-global-color-5)","background-image":"","background-repeat":"repeat","background-position":"center center","background-size":"auto","background-attachment":"scroll","background-type":"","background-media":"","overlay-type":"","overlay-color":"","overlay-opacity":"","overlay-gradient":""},"mobile":{"background-color":"var(--ast-global-color-5)","background-image":"","background-repeat":"repeat","background-position":"center center","background-size":"auto","background-attachment":"scroll","background-type":"","background-media":"","overlay-type":"","overlay-color":"","overlay-opacity":"","overlay-gradient":""}},"footnotes":""},"class_list":["post-193","page","type-page","status-publish","hentry"],"_links":{"self":[{"href":"https:\/\/vietnamkynghe.com\/index.php?rest_route=\/wp\/v2\/pages\/193","targetHints":{"allow":["GET"]}}],"collection":[{"href":"https:\/\/vietnamkynghe.com\/index.php?rest_route=\/wp\/v2\/pages"}],"about":[{"href":"https:\/\/vietnamkynghe.com\/index.php?rest_route=\/wp\/v2\/types\/page"}],"author":[{"embeddable":true,"href":"https:\/\/vietnamkynghe.com\/index.php?rest_route=\/wp\/v2\/users\/1"}],"replies":[{"embeddable":true,"href":"https:\/\/vietnamkynghe.com\/index.php?rest_route=%2Fwp%2Fv2%2Fcomments&post=193"}],"version-history":[{"count":16,"href":"https:\/\/vietnamkynghe.com\/index.php?rest_route=\/wp\/v2\/pages\/193\/revisions"}],"predecessor-version":[{"id":1817,"href":"https:\/\/vietnamkynghe.com\/index.php?rest_route=\/wp\/v2\/pages\/193\/revisions\/1817"}],"wp:attachment":[{"href":"https:\/\/vietnamkynghe.com\/index.php?rest_route=%2Fwp%2Fv2%2Fmedia&parent=193"}],"curies":[{"name":"wp","href":"https:\/\/api.w.org\/{rel}","templated":true}]}}